45?
8
What is the tens digit of 8030826?
2
What is the units digit of 51608?
8
What is the hundred thousands digit of 420280?
4
What is the units digit of 20485167?
7
What is the thousands digit of 25884030?
4
What is the hundreds digit of 7535684?
6
What is the units digit of 14170646?
6
What is the units digit of 11269030?
0
What is the thousands digit of 224620?
4
What is the ten thousands digit of 482408?
8
What is the hundreds digit of 820683?
6
What is the millions digit of 5145359?
5
What is the units digit of 1216672?
2
What is the hundreds digit of 87429?
4
What is the hundreds digit of 35390692?
6
What is the ten thousands digit of 892663?
9
What is the thousands digit of 2213567?
3
What is the millions digit of 11662509?
1
What is the tens digit of 1359352?
5
What is the hundreds digit of 414?
4
What is the hundreds digit of 2338863?
8
What is the hundreds digit of 27939?
9
What is the tens digit of 202012?
1
What is the millions digit of 25947684?
5
What is the ten thousands digit of 33237?
3
What is the units digit of 588738?
8
What is the units digit of 790186?
6
What is the units digit of 23741120?
0
What is the thousands digit of 89441?
9
What is the hundreds digit of 98046?
0
What is the hundreds digit of 75662?
6
What is the tens digit of 148773?
7
What is the tens digit of 15931030?
3
What is the tens digit of 12815783?
8
What is the hundreds digit of 516552?
5
What is the units digit of 5393432?
2
What is the tens digit of 311123?
2
What is the units digit of 41130?
0
What is the hundreds digit of 537200?
2
What is the units digit of 367630?
0
What is the thousands digit of 190117?
0
What is the thousands digit of 7434037?
4
What is the units digit of 325873?
3
What is the tens digit of 8418009?
0
What is the hundred thousands digit of 29189751?
1
What is the units digit of 1756785?
5
What is the tens digit of 7718351?
5
What is the units digit of 6821642?
2
What is the units digit of 490522?
2
What is the millions digit of 3744710?
3
What is the ten thousands digit of 168854?
6
What is the thousands digit of 1361622?
1
What is the tens digit of 4285936?
3
What is the ten millions digit of 11022223?
1
What is the units digit of 1324?
4
What is the hundred thousands digit of 2310931?
3
What is the tens digit of 24659956?
5
What is the units digit of 90045?
5
What is the units digit of 216146?
6
What is the ten millions digit of 40962884?
4
What is the hundred thousands digit of 5401917?
4
What is the ten thousands digit of 1413057?
1
What is the thousands digit of 3113122?
3
What is the tens digit of 829257?
5
What is the units digit of 86875?
5
What is the ten thousands digit of 8999403?
9
What is the hundred thousands digit of 633441?
6
What is the thousands digit of 607620?
7
What is the millions digit of 1429015?
1
What is the ten thousands digit of 75583?
7
What is the thousands digit of 125682?
5
What is the ten thousands digit of 12464510?
6
What is the hundreds digit of 9622859?
8
What is the hundred thousands digit of 503415?
5
What is the units digit of 58556?
6
What is the units digit of 8935380?
0
What is the units digit of 14236490?
0
What is the thousands digit of 285317?
5
What is the units digit of 20751194?
4
What is the ten thousands digit of 378162?
7
What is the ten thousands digit of 1107292?
0
What is the hundreds digit of 481861?
8
What is the hundred thousands digit of 3571200?
5
What is the tens digit of 28791103?
0
What is the hundred thousands digit of 714231?
7
What is the units digit of 7098?
8
What is the units digit of 1160486?
6
What is the tens digit of 96100?
0
What is the hundred thousands digit of 15010252?
0
What is the hundreds digit of 3305769?
7
What is the tens digit of 1364435?
3
What is the hundreds digit of 2200023?
0
What is the tens digit of 273056?
5
What is the ten thousands digit of 625504?
2
What is the tens digit of 298357?
5
What is the thousands digit of 908008?
8
What is the ten thousands digit of 2623085?
2
What is the ten thousands digit of 1188942?
8
What is the units digit of 41935?
5
What is the hundreds digit of 296925?
9
What is the hundred thousands digit of 1275632?
2
What is the thousands digit of 25981899?
1
What is the ten millions digit of 38704497?
3
What is the thousands digit of 470928?
0
What is the thousands digit of 1525209?
5
What is the tens digit of 15163839?
3
What is the hundreds digit of 1946502?
5
What is the hundred thousands digit of 825517?
8
What is the ten thousands digit of 341572?
4
What is the tens digit of 254534?
3
What is the tens digit of 298410?
1
What is the hundred thousands digit of 1083650?
0
What is the hundreds digit of 21354?
3
What is the thousands digit of 271983?
1
What is the tens digit of 1183184?
8
What is the millions digit of 7215291?
7
What is the hundreds digit of 2811105?
1
What is the units digit of 173589?
9
What is the tens digit of 1028965?
6
What is the thousands digit of 1790568?
0
What is the millions digit of 24995483?
4
What is the thousands digit of 83887?
3
What is the tens digit of 6184516?
1
What is the thousands digit of 6704407?
4
What is the units digit of 931129?
9
What is the tens digit of 214651?
5
What is the hundreds digit of 650017?
0
What is the hundreds digit of 427835?
8
What is the hundred thousands digit of 9903740?
9
What is the ten thousands digit of 7848636?
4
What is the ten thousands digit of 3553115?
5
What is the hundreds digit of 489492?
4
What is the hundreds digit of 3473?
4
What is the ten thousands digit of 801169?
0
What is the hundreds digit of 4071132?
1
What is the thousands digit of 1247683?
7
What is the thousands digit of 99408?
9
What is the thousands digit of 2260962?
0
What is the hundred thousands digit of 487716?
4
What is the hundred thousands digit of 2315286?
3
What is the thousands digit of 54089?
4
What is the thousands digit of 1210738?
0
What is the millions digit of 5497592?
5
What is the tens digit of 15883828?
2
What is the millions digit of 4798540?
4
What is the hundred thousands digit of 1385581?
3
What is the units digit of 1539407?
7
What is the hundreds digit of 1812007?
0
What is the hundred thousands digit of 252581?
2
What is the tens digit of 247404?
0
What is the millions digit of 1524764?
1
What is the hundreds digit of 10517306?
3
What is the millions digit of 27775868?
7
What is the hundred thousands digit of 1952420?
9
What is the hundred thousands digit of 14196596?
1
What is the thousands digit of 34052?
4
What is the hundreds digit of 196561?
5
What is the hundred thousands digit of 224841?
2
What is the units digit of 803313?
3
What is the ten thousands digit of 35103408?
0
What is the units digit of 255291?
1
What is the units digit of 54806?
6
What is the ten thousands digit of 24581?
2
What is the units digit of 4690557?
7
What is the hundreds digit of 116522?
5
What is the units digit of 299843?
3
What is the units digit of 65090?
0
What is the tens digit of 2148707?
0
What is the hundreds digit of 452407?
4
What is the units digit of 181568?
8
What is the thousands digit of 3621459?
1
What is the millions digit of 1213316?
1
What is the units digit of 45148?
8
What is the ten thousands digit of 1174591?
7
What is the hundreds digit of 258572?
5
What is the tens digit of 13635833?
3
What is the hundreds digit of 1323085?
0
What is the thousands digit of 731494?
1
What is the thousands digit of 22775240?
5
What is the hundreds digit of 13358711?
7
What is the hundreds digit of 3861258?
2
What is the ten thousands digit of 837545?
3
What is the hundred thousands digit of 1621365?
6
What is the hundreds digit of 7216487?
4
What is the hundred thousands digit of 1526040?
5
What is the ten thousands digit of 632328?
3
What is the thousands digit of 112349?
2
What is the thousands digit of 1239543?
9
What is the ten millions digit of 19758645?
1
What is the thousands digit of 7966399?
6
What is the units digit of 113523?
3
What is the ten thousands digit of 21668515?
6
What is the units digit of 46240?
0
What is the thousands digit of 270911?
0
What is the tens digit of 189711?
1
What is the hundred thousands digit of 356214?
3
What is the thousands digit of 739674?
9
What is the units digit of 7765569?
9
What is the ten thousands dig